{"id":337,"date":"2026-05-11T09:57:18","date_gmt":"2026-05-11T07:57:18","guid":{"rendered":"https:\/\/www.vdmp.at\/betriebsmittel\/?post_type=product&#038;p=337"},"modified":"2026-05-11T09:57:18","modified_gmt":"2026-05-11T07:57:18","slug":"e-pill-4-stueck-vuxxx-kopie","status":"publish","type":"product","link":"https:\/\/www.vdmp.at\/betriebsmittel\/produkt\/e-pill-4-stueck-vuxxx-kopie\/","title":{"rendered":"E-Pill 1 Packung = 4 St\u00fcck"},"content":{"rendered":"<p>Wichtig!<br \/>\nVerwenden Sie keine scharfkantigen, geraden oder zu kurzen Eingeber.<br \/>\nDer Eingeber muss perfekt sein!<br \/>\nBenutzen Sie unseren handlichen und sanften Eingeber SENIOR.<br \/>\nSENIOR. Der erste ergonomische Pilleneingeber.<br \/>\nSie m\u00f6chten unseren SENIOR gratis?<br \/>\nSchreiben Sie uns eine Mail an office@vuxxx.eu oder rufen Sie uns an: +49 4961 982880.<\/p>\n<p>&nbsp;<\/p>\n<p>&nbsp;<\/p>\n<p>\u2713 Im ersten Melkmonat ist die Gefahr von Energiemangel am gr\u00f6\u00dften.<br \/>\n\u2713 <span class=\"m-font-size-16\">Die Kuh frisst schlecht und produziert Ketonk\u00f6rper.<\/span><br \/>\n\u2713 L\u00f6sung: E-PILL senkt den Ketonk\u00f6rper-Gehalt.<br \/>\n\u2713 E-PILL <span class=\"m-font-size-16\">besteht aus Natriumpropionat.<\/span><br \/>\n\u2713 <span class=\"m-font-size-16\">Natriumpropionat &#8211; Propions\u00e4ure ist eine nat\u00fcrliche Pansens\u00e4ure.<\/span><br \/>\n\u2713 <span class=\"m-font-size-16\">Liefert Energie, Leistung &amp; Gesundheit.<\/span><br \/>\n\u2713 Wissenschaftlich gepr\u00fcft &amp; GMP+ FSA gesichert.<br \/>\n\u2713 <span class=\"m-font-size-16\">Millionenfach bew\u00e4hrt!<br \/>\n<\/span><\/p>\n<p><strong>Wof\u00fcr ist die E-PILL?<\/strong><br \/>\nZur Energieversorgung.<br \/>\nMehr Energie \u2013 mehr Gesundheit \u2013 mehr Leistung.<\/p>\n<p><strong>Wie Energiemangel erkennen?<\/strong><br \/>\nHarn oder Milch auf Ketonk\u00f6rper untersuchen.<\/p>\n<p><strong>Wie wirksam ist die E-PILL?<\/strong><br \/>\nWissenschaftliche Pr\u00fcfungen haben gezeigt,<br \/>\ndass die E-PILL den Ketonk\u00f6rper-Gehalt im<br \/>\nBlut von 1 bis 24 Stunden nach Gabe senkt.<\/p>\n<p><strong>Woraus besteht die E-PILL?<\/strong><br \/>\nAus Natriumpropionat.<br \/>\nPropions\u00e4ure ist eine nat\u00fcrliche Pansens\u00e4ure.<\/p>\n<p><strong>Inhaltsangabe:<\/strong><br \/>\nMineral-Erg\u00e4nzungsfuttermittel f\u00fcr Milchk\u00fche: Magnesiumpropionat, Natriumchlorid.<br \/>\nTechnologische Zusatzstoffe (g\/kg): Natriumpropionat: 850.<br \/>\nAnalytische Bestandteile (%): Magnesium: 0,04, Natrium: 20.<\/p>\n<p><strong>Was ist die E-PILL rechtlich?<\/strong><br \/>\nMineral-Erg\u00e4nzungsfuttermittel.<br \/>\nGMP+ FSA gesichert.<\/p>\n<p><strong>Welchen K\u00fchen geben?<\/strong><br \/>\nBei Energiemangel. Im ersten Melkmonat ist die<br \/>\nGefahr von Energiemangel am gr\u00f6\u00dften.<\/p>\n<p><strong>Wann geben?<\/strong><br \/>\n2 Pillen bei Bedarf. 2 Pillen am Tag danach.<\/p>\n<p><strong>Was kostet Energiemangel?<\/strong><br \/>\nEtwa \u20ac 300 je Fall wegen Behandlung, Mehr arbeit,<br \/>\ngeringerer Milchleistung (200\u2013600 kg je Melkjahr),<br \/>\nerh\u00f6hter Gefahr von Nachgeburts verhalten,<br \/>\nGeb\u00e4rmutterentz\u00fcndung, Euterentz\u00fcndung, Stoffwechselst\u00f6rung<br \/>\n(Ketose), Labmagenverlagerung,<br \/>\nFruchtbarkeitsst\u00f6rung und vorzeitigem Abgang.<\/p>\n<p><strong>Inhalt:<\/strong><br \/>\nMineral-Erg\u00e4nzungsfuttermittel f\u00fcr Milchk\u00fche: Magnesiumpropionat, Natriumchlorid.<br \/>\nTechnologische Zusatzstoffe (g\/kg): Natriumpropionat: 850.<br \/>\nAnalytische Bestandteile (%): Magnesium: 0,04, Natrium: 20.<\/p>\n<p><strong>Anwendung:<\/strong><br \/>\n2 Pillen bei Bedarf. 2 Pillen am Tag danach.<\/p>\n<p><strong>St\u00fcckzahl\/g:<\/strong><br \/>\n4 x 100 g<\/p>\n<p><strong>Los\/Mindestens haltbar bis:<\/strong><br \/>\nsiehe Aufdruck.<\/p>\n","protected":false},"excerpt":{"rendered":"<p>1 Packung = 4 St\u00fcck<\/p>\n","protected":false},"featured_media":291,"comment_status":"open","ping_status":"closed","template":"","meta":[],"product_brand":[],"product_cat":[26,27],"product_tag":[],"class_list":{"0":"post-337","1":"product","2":"type-product","3":"status-publish","4":"has-post-thumbnail","6":"product_cat-betriebsmittel","7":"product_cat-tierergaenzungsfuttermittel","9":"first","10":"instock","11":"taxable","12":"shipping-taxable","13":"purchasable","14":"product-type-simple"},"_links":{"self":[{"href":"https:\/\/www.vdmp.at\/betriebsmittel\/wp-json\/wp\/v2\/product\/337","targetHints":{"allow":["GET"]}}],"collection":[{"href":"https:\/\/www.vdmp.at\/betriebsmittel\/wp-json\/wp\/v2\/product"}],"about":[{"href":"https:\/\/www.vdmp.at\/betriebsmittel\/wp-json\/wp\/v2\/types\/product"}],"replies":[{"embeddable":true,"href":"https:\/\/www.vdmp.at\/betriebsmittel\/wp-json\/wp\/v2\/comments?post=337"}],"wp:featuredmedia":[{"embeddable":true,"href":"https:\/\/www.vdmp.at\/betriebsmittel\/wp-json\/wp\/v2\/media\/291"}],"wp:attachment":[{"href":"https:\/\/www.vdmp.at\/betriebsmittel\/wp-json\/wp\/v2\/media?parent=337"}],"wp:term":[{"taxonomy":"product_brand","embeddable":true,"href":"https:\/\/www.vdmp.at\/betriebsmittel\/wp-json\/wp\/v2\/product_brand?post=337"},{"taxonomy":"product_cat","embeddable":true,"href":"https:\/\/www.vdmp.at\/betriebsmittel\/wp-json\/wp\/v2\/product_cat?post=337"},{"taxonomy":"product_tag","embeddable":true,"href":"https:\/\/www.vdmp.at\/betriebsmittel\/wp-json\/wp\/v2\/product_tag?post=337"}],"curies":[{"name":"wp","href":"https:\/\/api.w.org\/{rel}","templated":true}]}}