{"id":5410,"date":"2026-04-10T08:44:01","date_gmt":"2026-04-10T06:44:01","guid":{"rendered":"https:\/\/www.vdmp.at\/betriebsmittel\/?post_type=product&#038;p=5410"},"modified":"2026-04-10T09:22:17","modified_gmt":"2026-04-10T07:22:17","slug":"leckeimer-aktionspalette-355","status":"publish","type":"product","link":"https:\/\/www.vdmp.at\/betriebsmittel\/produkt\/leckeimer-aktionspalette-355\/","title":{"rendered":"Leckeimer Aktionspalette 35+5"},"content":{"rendered":"<h2>Leckeimer &#8211; Das Mineralfutter f\u00fcr eine optimale\u00a0 Jungrinderaufzucht<\/h2>\n<p>Aktionspalette 35+5 (35 Leckeimer kaufen, 5 gratis) 25 kg pro Eimer \/ 1 Palette = 40 Eimer<\/p>\n<ul>\n<li>Schmackhafte Melasse f\u00fcr einen guten Geschmack.<\/li>\n<li>Hochverdauliche mineralische Komponenten zur entzugsbedingten Versorgung.<\/li>\n<li>Magnesium zur Stabilisierung von Stoffwechsel, Leistung und Gesundheit.<\/li>\n<li>Hochwertige Kombination aus Vitaminen und Spurenelementen f\u00fcr gesunde Tiere.<\/li>\n<li>Vitamin E und Selen f\u00f6rdern Fruchtbarkeit und Eutergesundheit.<\/li>\n<li>Jod erh\u00f6ht die Funktionalit\u00e4t der Schilddr\u00fcse und verbessert die Fruchtbarkeit.<\/li>\n<li>Zink f\u00f6rdert die Stabilit\u00e4t der Klauen.<\/li>\n<\/ul>\n","protected":false},"excerpt":{"rendered":"<p>Leckeimer &#8211; Das Mineralfutter f\u00fcr eine optimale\u00a0 Jungrinderaufzucht Aktionspalette 35+5 [&hellip;]<\/p>\n","protected":false},"featured_media":5411,"comment_status":"open","ping_status":"closed","template":"","meta":[],"product_brand":[],"product_cat":[26,61],"product_tag":[],"class_list":{"0":"post-5410","1":"product","2":"type-product","3":"status-publish","4":"has-post-thumbnail","6":"product_cat-betriebsmittel","7":"product_cat-futtermittel","9":"first","10":"instock","11":"taxable","12":"shipping-taxable","13":"purchasable","14":"product-type-simple"},"_links":{"self":[{"href":"https:\/\/www.vdmp.at\/betriebsmittel\/wp-json\/wp\/v2\/product\/5410","targetHints":{"allow":["GET"]}}],"collection":[{"href":"https:\/\/www.vdmp.at\/betriebsmittel\/wp-json\/wp\/v2\/product"}],"about":[{"href":"https:\/\/www.vdmp.at\/betriebsmittel\/wp-json\/wp\/v2\/types\/product"}],"replies":[{"embeddable":true,"href":"https:\/\/www.vdmp.at\/betriebsmittel\/wp-json\/wp\/v2\/comments?post=5410"}],"wp:featuredmedia":[{"embeddable":true,"href":"https:\/\/www.vdmp.at\/betriebsmittel\/wp-json\/wp\/v2\/media\/5411"}],"wp:attachment":[{"href":"https:\/\/www.vdmp.at\/betriebsmittel\/wp-json\/wp\/v2\/media?parent=5410"}],"wp:term":[{"taxonomy":"product_brand","embeddable":true,"href":"https:\/\/www.vdmp.at\/betriebsmittel\/wp-json\/wp\/v2\/product_brand?post=5410"},{"taxonomy":"product_cat","embeddable":true,"href":"https:\/\/www.vdmp.at\/betriebsmittel\/wp-json\/wp\/v2\/product_cat?post=5410"},{"taxonomy":"product_tag","embeddable":true,"href":"https:\/\/www.vdmp.at\/betriebsmittel\/wp-json\/wp\/v2\/product_tag?post=5410"}],"curies":[{"name":"wp","href":"https:\/\/api.w.org\/{rel}","templated":true}]}}